2748 and 82122.
6
What is the greatest common divisor of 1829738 and 1790?
358
Calculate the greatest common factor of 4922150 and 350.
50
What is the highest common divisor of 40667 and 13783?
11
What is the greatest common divisor of 671785880 and 40?
40
What is the greatest common factor of 1783585 and 69560?
185
Calculate the greatest common factor of 6720 and 153019860.
420
What is the greatest common factor of 176595440 and 3360?
560
What is the greatest common factor of 3027120 and 460?
20
What is the highest common factor of 8997696 and 15552?
1728
What is the greatest common factor of 156 and 30713072?
52
Calculate the highest common divisor of 11992632 and 84.
12
What is the highest common factor of 9 and 58882779?
9
What is the highest common factor of 895104 and 55296?
3456
Calculate the highest common factor of 2806727 and 352.
11
Calculate the highest common factor of 25648446 and 143262.
2274
What is the highest common divisor of 9864 and 320238?
18
What is the greatest common divisor of 20343723 and 5454?
303
What is the highest common factor of 1484502 and 629169?
1203
What is the greatest common divisor of 20253533 and 6295?
1259
What is the greatest common factor of 14 and 1462396838?
14
Calculate the greatest common divisor of 3852 and 841001382.
1926
Calculate the greatest common factor of 241424 and 1461184.
1264
What is the highest common factor of 33406864 and 2128?
304
Calculate the greatest common factor of 3922746 and 14857.
83
What is the highest common divisor of 11440 and 182334152?
1144
Calculate the highest common factor of 9520202 and 4.
2
What is the greatest common divisor of 4704 and 61347804?
588
What is the highest common divisor of 57677 and 123353?
421
What is the greatest common divisor of 602 and 7186633?
43
Calculate the highest common divisor of 549764820 and 75.
15
What is the greatest common factor of 4 and 342178980?
4
What is the highest common factor of 6 and 401264004?
6
Calculate the highest common divisor of 864 and 473013.
27
Calculate the highest common factor of 46400 and 23495800.
5800
What is the highest common divisor of 2534862 and 2464?
22
Calculate the highest common factor of 1262 and 391814.
2
What is the highest common factor of 625140 and 2597850?
2070
Calculate the greatest common divisor of 1455829 and 627589.
493
Calculate the greatest common divisor of 21 and 178881.
3
What is the highest common factor of 3171124 and 38412?
4268
Calculate the greatest common factor of 21339596 and 32.
4
Calculate the highest common factor of 97498 and 2551758.
3362
What is the highest common divisor of 7231818 and 4266?
474
What is the highest common factor of 21763274 and 104?
26
What is the greatest common divisor of 15634 and 784?
2
Calculate the highest common divisor of 50064 and 7988064.
336
Calculate the highest common factor of 672 and 2839776.
96
What is the highest common factor of 100 and 20384215?
5
What is the greatest common factor of 4 and 5264626?
2
What is the highest common divisor of 1019147 and 14877?
29
Calculate the greatest common factor of 121536 and 148416.
192
Calculate the greatest common divisor of 410508 and 66474.
54
Calculate the greatest common factor of 35799910 and 530.
530
Calculate the greatest common factor of 12407276 and 2240.
28
Calculate the highest common factor of 1340 and 16741156.
268
Calculate the highest common divisor of 33606819 and 9.
9
What is the highest common factor of 26474808 and 1356?
12
What is the greatest common factor of 4203998 and 78812?
2074
Calculate the greatest common divisor of 16960 and 1548160.
320
What is the greatest common factor of 806 and 99846877?
403
What is the greatest common factor of 72039582 and 2556?
1278
Calculate the greatest common divisor of 84 and 7040880.
84
What is the highest common divisor of 88 and 245270872?
88
Calculate the greatest common divisor of 209686134 and 981.
327
What is the greatest common factor of 120116877 and 426?
213
What is the highest common divisor of 22 and 17693621?
11
What is the highest common factor of 19130012 and 60544?
1892
What is the highest common divisor of 11762516 and 174?
58
Calculate the greatest common divisor of 137 and 499274580.
137
What is the highest common factor of 7244585 and 1309445?
1895
What is the greatest common factor of 16080 and 2288586?
402
Calculate the greatest common divisor of 295702 and 23.
1
Calculate the greatest common divisor of 44439 and 297.
3
Calculate the highest common factor of 16 and 289499.
1
What is the greatest common factor of 68 and 7332049?
17
Calculate the highest common divisor of 5762206 and 114.
38
Calculate the highest common divisor of 15221308 and 184.
92
What is the greatest common factor of 207 and 7352847?
207
Calculate the greatest common factor of 10987023 and 1506.
753
Calculate the greatest common factor of 22 and 6782398.
2
What is the highest common factor of 83058 and 8509?
127
Calculate the highest common divisor of 183 and 523640653.
61
What is the greatest common factor of 81416 and 263424?
8
Calculate the greatest common divisor of 43693 and 26.
13
Calculate the highest common factor of 11250756 and 5368.
44
Calculate the highest common divisor of 2678 and 6072262.
206
What is the highest common divisor of 30 and 21613900?
10
What is the highest common divisor of 98855 and 10795?
85
Calculate the greatest common factor of 14712 and 8323314.
3678
Calculate the greatest common factor of 2449278 and 77922.
2106
Calculate the highest common divisor of 5467801 and 39729.
779
What is the highest common divisor of 192686 and 13390?
26
Calculate the greatest common factor of 257301 and 296964.
1017
Calculate the greatest common factor of 33 and 1942252719.
33
Calculate the greatest common divisor of 128860299 and 171.
171
What is the greatest common divisor of 6494 and 921002?
382
What is the highest common factor of 3942 and 18537912?
1314
What is the highest common factor of 3598168 and 4312?
392
Calculate the highest common factor of 168661 and 39271.
227
What is the greatest common factor of 641158 and 259?
7
Calculate the highest common divisor of 23525755 and 18235.
2605
What is the highest common factor of 7146 and 2482838?
794
Calculate the greatest common divisor of 5296 and 44515528.
2648
What is the highest common factor of 12749412 and 702?
78
Calculate the highest common divisor of 1688 and 120884.
4
Calculate the greatest common factor of 36701 and 1075564.
749
Calculate the highest common divisor of 510867 and 31535.
6307
Calculate the highest common factor of 15526644 and 306.
102
Calculate the greatest common factor of 2304333 and 544.
17
What is the highest common divisor of 98980 and 188405?
245
What is the greatest common factor of 7504401 and 606?
303
What is the highest common divisor of 546 and 329497532?
182
What is the highest common divisor of 576 and 42166392?
24
Calculate the greatest common factor of 2976 and 16089.
93
Calculate the highest common factor of 10780 and 2762914.
1078
Calculate the greatest common factor of 609890 and 178210.
710
What is the greatest common divisor of 282686524 and 53?
53
Calculate the greatest common factor of 14155 and 707940.
95
What is the greatest common divisor of 17350 and 21582706?
694
What is the highest common factor of 81451888 and 252?
28
What is the greatest common divisor of 43068059 and 56029?
1303
What is the greatest common factor of 5044166 and 211?
211
Calculate the highest common factor of 59 and 643119175.
59
Calculate the greatest common divisor of 2183 and 104821.
37
What is the highest common factor of 36526 and 78022?
14
Calculate the highest common factor of 25332 and 13228.
4
Calculate the greatest common factor of 105852438 and 102.
102
What is the highest common factor of 16834 and 7334?
38
What is the greatest common divisor of 1076 and 1840?
4
What is the highest common factor of 848847 and 582?
291
Calculate the greatest common divisor of 4944 and 656491512.
2472
Calculate the greatest common divisor of 4190131 and 79189.
3443
Calculate the greatest common divisor of 38223 and 1145457.
1233
Calculate the greatest common factor of 9136 and 93760484.
2284
What is the greatest common divisor of 12018219 and 1629?
543
What